35?
9
What is the ten thousands digit of 890355?
9
What is the hundred thousands digit of 1645557?
6
What is the tens digit of 14878965?
6
What is the thousands digit of 2507566?
7
What is the millions digit of 3022102?
3
What is the thousands digit of 1570842?
0
What is the hundred thousands digit of 5528501?
5
What is the millions digit of 5290715?
5
What is the hundreds digit of 2435489?
4
What is the ten thousands digit of 3888247?
8
What is the units digit of 121418?
8
What is the hundred thousands digit of 136860?
1
What is the ten thousands digit of 1999761?
9
What is the hundreds digit of 982192?
1
What is the hundred thousands digit of 2978316?
9
What is the ten thousands digit of 2105390?
0
What is the hundreds digit of 347699?
6
What is the tens digit of 33728?
2
What is the thousands digit of 1509892?
9
What is the hundred thousands digit of 288049?
2
What is the hundreds digit of 218033?
0
What is the hundreds digit of 372016?
0
What is the hundreds digit of 217818?
8
What is the hundreds digit of 650564?
5
What is the thousands digit of 1011401?
1
What is the ten thousands digit of 5511209?
1
What is the hundred thousands digit of 252252?
2
What is the units digit of 1027990?
0
What is the ten thousands digit of 503308?
0
What is the hundreds digit of 209025?
0
What is the thousands digit of 1984879?
4
What is the units digit of 174783?
3
What is the millions digit of 2061759?
2
What is the units digit of 372523?
3
What is the ten thousands digit of 149207?
4
What is the thousands digit of 6652229?
2
What is the units digit of 2784532?
2
What is the millions digit of 1130312?
1
What is the tens digit of 4857650?
5
What is the hundreds digit of 577548?
5
What is the thousands digit of 268682?
8
What is the thousands digit of 2522304?
2
What is the units digit of 3514354?
4
What is the millions digit of 23818168?
3
What is the ten thousands digit of 173459?
7
What is the ten thousands digit of 248735?
4
What is the ten thousands digit of 615479?
1
What is the tens digit of 316519?
1
What is the hundred thousands digit of 105183?
1
What is the hundreds digit of 289397?
3
What is the units digit of 19665238?
8
What is the units digit of 10098812?
2
What is the thousands digit of 563078?
3
What is the ten thousands digit of 313981?
1
What is the units digit of 149508?
8
What is the tens digit of 35039?
3
What is the thousands digit of 179994?
9
What is the ten thousands digit of 6958082?
5
What is the tens digit of 113683?
8
What is the tens digit of 308864?
6
What is the units digit of 419238?
8
What is the ten thousands digit of 1375741?
7
What is the hundred thousands digit of 737875?
7
What is the units digit of 15807086?
6
What is the millions digit of 18564484?
8
What is the units digit of 2594364?
4
What is the ten thousands digit of 4990780?
9
What is the tens digit of 16590401?
0
What is the thousands digit of 331417?
1
What is the units digit of 373074?
4
What is the hundreds digit of 1959070?
0
What is the units digit of 367475?
5
What is the hundreds digit of 398952?
9
What is the millions digit of 13158705?
3
What is the units digit of 220202?
2
What is the ten millions digit of 21973970?
2
What is the thousands digit of 177605?
7
What is the ten thousands digit of 303200?
0
What is the units digit of 16720766?
6
What is the hundred thousands digit of 111876?
1
What is the hundreds digit of 24147?
1
What is the hundred thousands digit of 8910986?
9
What is the ten thousands digit of 2681458?
8
What is the hundred thousands digit of 979108?
9
What is the ten thousands digit of 115787?
1
What is the thousands digit of 8703754?
3
What is the units digit of 198237?
7
What is the thousands digit of 609529?
9
What is the ten thousands digit of 2265594?
6
What is the ten thousands digit of 9249893?
4
What is the tens digit of 148775?
7
What is the hundreds digit of 794478?
4
What is the tens digit of 192610?
1
What is the ten thousands digit of 11944454?
4
What is the thousands digit of 3105365?
5
What is the hundreds digit of 19371913?
9
What is the ten thousands digit of 3296941?
9
What is the units digit of 78857?
7
What is the hundreds digit of 5321958?
9
What is the hundred thousands digit of 5034356?
0
What is the tens digit of 124315?
1
What is the hundred thousands digit of 330128?
3
What is the thousands digit of 2441517?
1
What is the units digit of 3781083?
3
What is the hundred thousands digit of 138941?
1
What is the ten thousands digit of 976731?
7
What is the hundred thousands digit of 683053?
6
What is the hundred thousands digit of 1646208?
6
What is the millions digit of 10595648?
0
What is the hundreds digit of 46739?
7
What is the units digit of 3572055?
5
What is the hundreds digit of 179844?
8
What is the ten millions digit of 13140229?
1
What is the hundred thousands digit of 6907836?
9
What is the units digit of 24324681?
1
What is the tens digit of 766084?
8
What is the thousands digit of 257126?
7
What is the tens digit of 78315?
1
What is the hundreds digit of 2062240?
2
What is the ten thousands digit of 930615?
3
What is the hundred thousands digit of 2915917?
9
What is the tens digit of 96920?
2
What is the hundred thousands digit of 3896077?
8
What is the ten thousands digit of 1650897?
5
What is the hundreds digit of 732655?
6
What is the millions digit of 7910744?
7
What is the units digit of 2926858?
8
What is the hundreds digit of 167490?
4
What is the tens digit of 62308?
0
What is the tens digit of 254088?
8
What is the hundreds digit of 718547?
5
What is the hundreds digit of 1238279?
2
What is the tens digit of 6639111?
1
What is the thousands digit of 6186?
6
What is the tens digit of 101183?
8
What is the units digit of 4097596?
6
What is the tens digit of 287366?
6
What is the units digit of 600255?
5
What is the millions digit of 1297106?
1
What is the thousands digit of 23847469?
7
What is the tens digit of 10093587?
8
What is the tens digit of 675591?
9
What is the hundreds digit of 148286?
2
What is the units digit of 419137?
7
What is the ten thousands digit of 779601?
7
What is the units digit of 93247?
7
What is the ten thousands digit of 289723?
8
What is the thousands digit of 60763?
0
What is the thousands digit of 4031?
4
What is the ten thousands digit of 3798704?
9
What is the tens digit of 961093?
9
What is the thousands digit of 120677?
0
What is the hundreds digit of 87890?
8
What is the millions digit of 31898747?
1
What is the thousands digit of 835641?
5
What is the hundred thousands digit of 10410794?
4
What is the hundreds digit of 132803?
8
What is the millions digit of 4730716?
4
What is the ten thousands digit of 1720943?
2
What is the tens digit of 46823?
2
What is the hundred thousands digit of 675425?
6
What is the thousands digit of 18457446?
7
What is the hundred thousands digit of 6190118?
1
What is the tens digit of 1384863?
6
What is the hundreds digit of 8207410?
4
What is the hundreds digit of 8504577?
5
What is the millions digit of 22356554?
2
What is the thousands digit of 3664983?
4
What is the hundreds digit of 617770?
7
What is the ten thousands digit of 10532804?
3
What is the units digit of 203689?
9
What is the ten millions digit of 21335951?
2
What is the hundred thousands digit of 1688670?
6
What is the hundred thousands digit of 2572301?
5
What is the tens digit of 60197?
9
What is the ten thousands digit of 266406?
6
What is the hundred thousands digit of 2040745?
0
What is the ten thousands digit of 164172?
6
What is the hundreds digit of 679393?
3
What is the hundred thousands digit of 344663?
3
What is the hundreds digit of 452645?
6
What is the hundred thousands digit of 8889611?
8
What is the tens digit of 540609?
0
What is the hundred thousands digit of 5517046?
5
What is the ten thousands digit of 6266443?
6
What is the units digit of 6694603?
3
What is the units digit of 1482270?
0
What is the thousands digit of 244874?
4
What is the thousands digit of 245501?
5
What is the thousands digit of 546598?
6
What is the ten thousands digit of 16293?
1
What is the millions digit of 11104144?
1
What is the hundreds digit of 184795?
7
What is the tens digit of 8669233?
3
What is the ten thousands digit of 3667291?
6
What is the hundreds 